{"id":279,"date":"2026-05-31T12:55:10","date_gmt":"2026-05-31T10:55:10","guid":{"rendered":"https:\/\/rwnart.de\/?page_id=279"},"modified":"2026-07-11T11:42:17","modified_gmt":"2026-07-11T09:42:17","slug":"2026-2","status":"publish","type":"page","link":"https:\/\/rwnart.de\/index.php\/2026-2\/","title":{"rendered":"2026"},"content":{"rendered":"\n<p class=\"wp-block-paragraph\"><strong>Vergangene Veranstaltungen und Aktionen aus dem Jahr 2026<\/strong><\/p>\n\n\n<ul class=\"wp-block-latest-posts__list wp-block-latest-posts is-layout-flow wp-block-latest-posts-is-layout-flow\"><li><a class=\"wp-block-latest-posts__post-title\" href=\"https:\/\/rwnart.de\/index.php\/2026\/07\/11\/das-gefuehl-von-zuhause\/\">Das Gef\u00fchl von Zuhause<\/a><div class=\"wp-block-latest-posts__post-full-content\">\n<p class=\"wp-block-paragraph\">Ein Projekt von Vladyslav Popereka und Heiko K\u00fchl.<br><br><strong>Vernissage am 24. Juli 2026 um 18:00 Uhr<\/strong><br><br>Die Ausstellung ist im Zeitraum vom 25.07. &#8211; 09.08.2026 Freitag | Samstag | Sonntag<br>von 14 bis 19 Uhr ge\u00f6ffnet.<\/p>\n\n\n\n<figure class=\"wp-block-image size-large\"><img loading=\"lazy\" decoding=\"async\" width=\"768\" height=\"1024\" src=\"https:\/\/rwnart.de\/wp-content\/uploads\/2026\/07\/GEFUL_logo_2_k-768x1024.jpg\" alt=\"\" class=\"wp-image-319\" srcset=\"https:\/\/rwnart.de\/wp-content\/uploads\/2026\/07\/GEFUL_logo_2_k-768x1024.jpg 768w, https:\/\/rwnart.de\/wp-content\/uploads\/2026\/07\/GEFUL_logo_2_k-225x300.jpg 225w, https:\/\/rwnart.de\/wp-content\/uploads\/2026\/07\/GEFUL_logo_2_k.jpg 800w\" sizes=\"auto, (max-width: 706px) 89vw, (max-width: 767px) 82vw, 740px\" \/><\/figure>\n<\/div><\/li>\n<li><a class=\"wp-block-latest-posts__post-title\" href=\"https:\/\/rwnart.de\/index.php\/2026\/05\/22\/zwischen-betonpoesie-und-farbgewitter\/\">Zwischen Betonpoesie und Farbgewitter<\/a><div class=\"wp-block-latest-posts__post-full-content\">\n<p class=\"wp-block-paragraph\">Am 19. &amp; 20. Juni 2026 pr\u00e4sentieren Juli Schupa (Neubrandenburg, Jena) und Carolin Okon (Leipzig) &#8222;Zwischen Betonpoesie und Farbgewitter&#8220;<br>Die Vernissage findet am Freitag, den 19. Juni um 18 Uhr statt.<\/p>\n\n\n\n<figure class=\"wp-block-image size-full\"><a href=\"https:\/\/rwnart.de\/wp-content\/uploads\/2026\/05\/2026Flyer-Juli-Carolin-Web.pdf\" target=\"_blank\" rel=\" noreferrer noopener\"><img loading=\"lazy\" decoding=\"async\" width=\"900\" height=\"1799\" src=\"https:\/\/rwnart.de\/wp-content\/uploads\/2026\/05\/2026Flyer_Juli-1.jpg\" alt=\"\" class=\"wp-image-267\" srcset=\"https:\/\/rwnart.de\/wp-content\/uploads\/2026\/05\/2026Flyer_Juli-1.jpg 900w, https:\/\/rwnart.de\/wp-content\/uploads\/2026\/05\/2026Flyer_Juli-1-150x300.jpg 150w, https:\/\/rwnart.de\/wp-content\/uploads\/2026\/05\/2026Flyer_Juli-1-512x1024.jpg 512w, https:\/\/rwnart.de\/wp-content\/uploads\/2026\/05\/2026Flyer_Juli-1-768x1536.jpg 768w\" sizes=\"auto, (max-width: 706px) 89vw, (max-width: 767px) 82vw, 740px\" \/><\/a><\/figure>\n<\/div><\/li>\n<li><a class=\"wp-block-latest-posts__post-title\" href=\"https:\/\/rwnart.de\/index.php\/2026\/05\/06\/eroeffnung-kunstoffen-2026-2\/\">Er\u00f6ffnung KunstOffen 2026<\/a><div class=\"wp-block-latest-posts__post-full-content\">\n<p class=\"wp-block-paragraph\">KunstOffen wird in diesem Jahr am&nbsp;<strong>Freitag, den 22. Mai 2026 um 18 Uhr<\/strong>&nbsp;in der&nbsp;<a href=\"https:\/\/rwnart.de\/index.php\/galerie-am-hafen\/\" target=\"_blank\" rel=\"noreferrer noopener\">Galerie \u201eKunst am Hafen\u201c<\/a>&nbsp;in Neubrandenburg auf dem RWN-Gel\u00e4nde er\u00f6ffnet. Die Besucherinnen und Besucher erwartet eine Gruppenausstellung, in der Werke aus der&nbsp;<a href=\"https:\/\/www.junge-kuenste.de\/\" target=\"_blank\" rel=\"noreferrer noopener\">Jugendkunstschule Neubrandenburg<\/a>&nbsp;sowie Werke der K\u00fcnstler&nbsp;<a href=\"https:\/\/tomu-artworld.com\/\" target=\"_blank\" rel=\"noreferrer noopener\">Tom Wollenberg<\/a>&nbsp;\u2013 Malerei und&nbsp;<a href=\"https:\/\/www.bbk-mv.de\/volosenko-vladyslav.html\" target=\"_blank\" rel=\"noreferrer noopener\">Vlad Volosenko<\/a>\u2013 Skulptur zu sehen sein werden. Musik, K\u00fcnstlergespr\u00e4che sowie ein freudvolles Miteinander werden geboten. Der Verein freut sich auf ihren Besuch.<\/p>\n\n\n\n<figure class=\"wp-block-image\"><a href=\"https:\/\/www.lk-mecklenburgische-seenplatte.de\/Landkreis\/Kultur\/KunstOffen\/\" target=\"_blank\" rel=\"noreferrer noopener\"><img loading=\"lazy\" decoding=\"async\" width=\"904\" height=\"824\" src=\"https:\/\/rwnart.de\/wp-content\/uploads\/2026\/04\/260414KunstOffen_2026.jpg\" alt=\"\" class=\"wp-image-187\" srcset=\"https:\/\/rwnart.de\/wp-content\/uploads\/2026\/04\/260414KunstOffen_2026.jpg 904w, https:\/\/rwnart.de\/wp-content\/uploads\/2026\/04\/260414KunstOffen_2026-300x273.jpg 300w, https:\/\/rwnart.de\/wp-content\/uploads\/2026\/04\/260414KunstOffen_2026-768x700.jpg 768w\" sizes=\"auto, (max-width: 706px) 89vw, (max-width: 767px) 82vw, 740px\" \/><\/a><figcaption class=\"wp-element-caption\">Quelle: Brosch\u00fcre KunstOffen 2026 des Landkreises Mecklenburgische Seenplatte<\/figcaption><\/figure>\n\n\n\n<p class=\"wp-block-paragraph\"><strong>Nachlese<\/strong> <strong>zu KunstOffen 2026<\/strong><\/p>\n\n\n\n<p class=\"wp-block-paragraph\">Mit einem gut besuchten Auftakt am Yachthafen Neubrandenburg ist KunstOffen 2026 in der Galerie \u201eKunst am Hafen\u201c in der Mecklenburgischen Seenplatte gestartet.<br>Die leuchtend gelben Schirme, mit denen die Kunst-Orte auf sich aufmerksam machen, stehen f\u00fcr offene Ateliers, Begegnung, Musik und gemeinsames Erleben.<\/p>\n\n\n\n<p class=\"wp-block-paragraph\">Kunstfans aus allen Altersklassen fanden sich am Freitagabend in den Ausstellungsr\u00e4umen des RWN Art e.V. und vor der aufgebauten B\u00fchne ein. Bei Getr\u00e4nken und hochwertigen Snacks entstanden Gespr\u00e4che \u00fcber Kunst, Leben in der Stadt und auf dem Land sowie neue Ideen. Auf der B\u00fchne sorgten verschiedene Kunstschaffende f\u00fcr den musikalischen Rahmen. Das Liedermacher-Duo Traumt\u00e4nzer mit Jule und Florian Spindler, die kolumbianische S\u00e4ngerin Paola vom Projekt Yamuna Aqua und die Neubrandenburger Band \u201eNicht aus Berlin\u201c gestalten einen wundersch\u00f6nen, fr\u00fchsommerlichen Abend bis zum Sonnenuntergang.<\/p>\n\n\n\n<p class=\"wp-block-paragraph\">In den Redebeitr\u00e4gen betonten Cindy Schl\u00fc\u00dfler vom Landkreis Mecklenburgische Seenplatte, Neubrandenburgs Oberb\u00fcrgermeister Nico Klose, Kreistagspr\u00e4sident Thomas Diener und der Vorsitzende des \u201eVereins zur F\u00f6rderung moderner Kunst Neubrandenburg RWN ART\u201c Olaf Jammrath die Bedeutung von KunstOffen.<\/p>\n\n\n\n<p class=\"wp-block-paragraph\">Neben Arbeiten des Neubrandenburger K\u00fcnstlers Tom Wollenberg und Skulpturen des ukrainischen K\u00fcnstlers Vladyslav Volosenko standen junge Talente im Fokus. Nachwuchskunstschaffende der Jugendkunstschule Junge K\u00fcnste NB&nbsp;e.V. pr\u00e4sentierten ihre Werke. Die G\u00e4ste der Ausstellung konnten ihre Favoriten aus den Arbeiten der Jugendkunstschule w\u00e4hlen. Die drei beliebtesten Arbeiten wurden zum Abschluss mit einem Nachwuchspreis, ausgelobt vom Verein RWN Art e.V., ausgezeichnet. <\/p>\n\n\n\n<p class=\"wp-block-paragraph\">Im Jahr 1994 startete die Aktion KunstOffen Menschen in Vorpommern. Rund 1000 Kunstschaffende in etwa 500 Orten im ganzen Bundesland beteiligten sich in diesem Jahr. Davon befanden sich rund 130 Orte allein in der Mecklenburgischen Seenplatte.<\/p>\n\n\n\n<p class=\"has-small-font-size wp-block-paragraph\"><br><img loading=\"lazy\" decoding=\"async\" width=\"320\" height=\"240\" class=\"wp-image-308\" style=\"width: 320px;\" src=\"https:\/\/rwnart.de\/wp-content\/uploads\/2026\/05\/260711KuO_Nachlese1.jpg\" alt=\"\u00a9 Gunter Knop\" srcset=\"https:\/\/rwnart.de\/wp-content\/uploads\/2026\/05\/260711KuO_Nachlese1.jpg 600w, https:\/\/rwnart.de\/wp-content\/uploads\/2026\/05\/260711KuO_Nachlese1-300x225.jpg 300w\" sizes=\"auto, (max-width: 320px) 100vw, 320px\" \/> <img loading=\"lazy\" decoding=\"async\" width=\"320\" height=\"240\" class=\"wp-image-307\" style=\"width: 320px;\" src=\"https:\/\/rwnart.de\/wp-content\/uploads\/2026\/05\/260711KuO_Nachlese2.jpg\" alt=\"\" srcset=\"https:\/\/rwnart.de\/wp-content\/uploads\/2026\/05\/260711KuO_Nachlese2.jpg 600w, https:\/\/rwnart.de\/wp-content\/uploads\/2026\/05\/260711KuO_Nachlese2-300x225.jpg 300w\" sizes=\"auto, (max-width: 320px) 100vw, 320px\" \/><br>\u00a9 <a href=\"https:\/\/guenterknop-art.de\/\" target=\"_blank\" rel=\"noreferrer noopener\">Guenter Knop<\/a><\/p>\n\n\n\n<p class=\"wp-block-paragraph\"><\/p>\n<\/div><\/li>\n<li><a class=\"wp-block-latest-posts__post-title\" href=\"https:\/\/rwnart.de\/index.php\/2026\/05\/05\/livepainting-tom-tomu-wollenberg\/\">Livepainting &#8211; Tom &#8222;Tomu&#8220; Wollenberg<\/a><div class=\"wp-block-latest-posts__post-full-content\">\n<p class=\"wp-block-paragraph\"><strong>Samstag, 16.5.2026<\/strong>  <a href=\"https:\/\/tomu-artworld.com\" data-type=\"link\" data-id=\"https:\/\/tomu-artworld.com\" target=\"_blank\" rel=\"noreferrer noopener\">Tom &#8222;Tomu&#8220; Wollenberg<\/a> pr\u00e4sentiert: &#8222;coloring sounds&#8220;<br>Einlass ab 18 Uhr und Beginn der Malerei ab 19 Uhr bis Mitternacht. Unterst\u00fctzt mit Musik von Sound Distrikt 17 e.V.<\/p>\n\n\n\n<figure class=\"wp-block-image size-large\"><img loading=\"lazy\" decoding=\"async\" width=\"1024\" height=\"681\" src=\"https:\/\/rwnart.de\/wp-content\/uploads\/2026\/05\/240913_IMG_9270_web-2-1024x681.jpg\" alt=\"\" class=\"wp-image-247\" srcset=\"https:\/\/rwnart.de\/wp-content\/uploads\/2026\/05\/240913_IMG_9270_web-2-1024x681.jpg 1024w, https:\/\/rwnart.de\/wp-content\/uploads\/2026\/05\/240913_IMG_9270_web-2-300x200.jpg 300w, https:\/\/rwnart.de\/wp-content\/uploads\/2026\/05\/240913_IMG_9270_web-2-768x511.jpg 768w, https:\/\/rwnart.de\/wp-content\/uploads\/2026\/05\/240913_IMG_9270_web-2-1536x1022.jpg 1536w, https:\/\/rwnart.de\/wp-content\/uploads\/2026\/05\/240913_IMG_9270_web-2.jpg 1920w\" sizes=\"auto, (max-width: 706px) 89vw, (max-width: 767px) 82vw, 740px\" \/><\/figure>\n\n\n\n<p class=\"wp-block-paragraph\">.<\/p>\n\n\n\n<p class=\"wp-block-paragraph\"><\/p>\n\n\n\n<p class=\"wp-block-paragraph\"><\/p>\n<\/div><\/li>\n<\/ul>","protected":false},"excerpt":{"rendered":"<p>Vergangene Veranstaltungen und Aktionen aus dem Jahr 2026<\/p>\n","protected":false},"author":1,"featured_media":0,"parent":0,"menu_order":0,"comment_status":"closed","ping_status":"closed","template":"","meta":{"ngg_post_thumbnail":0,"footnotes":""},"class_list":["post-279","page","type-page","status-publish","hentry"],"_links":{"self":[{"href":"https:\/\/rwnart.de\/index.php\/wp-json\/wp\/v2\/pages\/279","targetHints":{"allow":["GET"]}}],"collection":[{"href":"https:\/\/rwnart.de\/index.php\/wp-json\/wp\/v2\/pages"}],"about":[{"href":"https:\/\/rwnart.de\/index.php\/wp-json\/wp\/v2\/types\/page"}],"author":[{"embeddable":true,"href":"https:\/\/rwnart.de\/index.php\/wp-json\/wp\/v2\/users\/1"}],"replies":[{"embeddable":true,"href":"https:\/\/rwnart.de\/index.php\/wp-json\/wp\/v2\/comments?post=279"}],"version-history":[{"count":9,"href":"https:\/\/rwnart.de\/index.php\/wp-json\/wp\/v2\/pages\/279\/revisions"}],"predecessor-version":[{"id":303,"href":"https:\/\/rwnart.de\/index.php\/wp-json\/wp\/v2\/pages\/279\/revisions\/303"}],"wp:attachment":[{"href":"https:\/\/rwnart.de\/index.php\/wp-json\/wp\/v2\/media?parent=279"}],"curies":[{"name":"wp","href":"https:\/\/api.w.org\/{rel}","templated":true}]}}

<p class="wp-block-paragraph"><strong>Vergangene Veranstaltungen und Aktionen aus dem Jahr 2026</strong></p>


<ul class="wp-block-latest-posts__list wp-block-latest-posts is-layout-flow wp-block-latest-posts-is-layout-flow"><li><a class="wp-block-latest-posts__post-title" href="https://rwnart.de/index.php/2026/07/11/das-gefuehl-von-zuhause/">Das Gefühl von Zuhause</a><div class="wp-block-latest-posts__post-full-content">
<p class="wp-block-paragraph">Ein Projekt von Vladyslav Popereka und Heiko Kühl.<br><br><strong>Vernissage am 24. Juli 2026 um 18:00 Uhr</strong><br><br>Die Ausstellung ist im Zeitraum vom 25.07. &#8211; 09.08.2026 Freitag | Samstag | Sonntag<br>von 14 bis 19 Uhr geöffnet.</p>



<figure class="wp-block-image size-large"><img loading="lazy" decoding="async" width="768" height="1024" src="https://rwnart.de/wp-content/uploads/2026/07/GEFUL_logo_2_k-768x1024.jpg" alt="" class="wp-image-319" srcset="https://rwnart.de/wp-content/uploads/2026/07/GEFUL_logo_2_k-768x1024.jpg 768w, https://rwnart.de/wp-content/uploads/2026/07/GEFUL_logo_2_k-225x300.jpg 225w, https://rwnart.de/wp-content/uploads/2026/07/GEFUL_logo_2_k.jpg 800w" sizes="auto, (max-width: 706px) 89vw, (max-width: 767px) 82vw, 740px" /></figure>
</div></li>
<li><a class="wp-block-latest-posts__post-title" href="https://rwnart.de/index.php/2026/05/22/zwischen-betonpoesie-und-farbgewitter/">Zwischen Betonpoesie und Farbgewitter</a><div class="wp-block-latest-posts__post-full-content">
<p class="wp-block-paragraph">Am 19. &amp; 20. Juni 2026 präsentieren Juli Schupa (Neubrandenburg, Jena) und Carolin Okon (Leipzig) &#8222;Zwischen Betonpoesie und Farbgewitter&#8220;<br>Die Vernissage findet am Freitag, den 19. Juni um 18 Uhr statt.</p>



<figure class="wp-block-image size-full"><a href="https://rwnart.de/wp-content/uploads/2026/05/2026Flyer-Juli-Carolin-Web.pdf" target="_blank" rel=" noreferrer noopener"><img loading="lazy" decoding="async" width="900" height="1799" src="https://rwnart.de/wp-content/uploads/2026/05/2026Flyer_Juli-1.jpg" alt="" class="wp-image-267" srcset="https://rwnart.de/wp-content/uploads/2026/05/2026Flyer_Juli-1.jpg 900w, https://rwnart.de/wp-content/uploads/2026/05/2026Flyer_Juli-1-150x300.jpg 150w, https://rwnart.de/wp-content/uploads/2026/05/2026Flyer_Juli-1-512x1024.jpg 512w, https://rwnart.de/wp-content/uploads/2026/05/2026Flyer_Juli-1-768x1536.jpg 768w" sizes="auto, (max-width: 706px) 89vw, (max-width: 767px) 82vw, 740px" /></a></figure>
</div></li>
<li><a class="wp-block-latest-posts__post-title" href="https://rwnart.de/index.php/2026/05/06/eroeffnung-kunstoffen-2026-2/">Eröffnung KunstOffen 2026</a><div class="wp-block-latest-posts__post-full-content">
<p class="wp-block-paragraph">KunstOffen wird in diesem Jahr am&nbsp;<strong>Freitag, den 22. Mai 2026 um 18 Uhr</strong>&nbsp;in der&nbsp;<a href="https://rwnart.de/index.php/galerie-am-hafen/" target="_blank" rel="noreferrer noopener">Galerie „Kunst am Hafen“</a>&nbsp;in Neubrandenburg auf dem RWN-Gelände eröffnet. Die Besucherinnen und Besucher erwartet eine Gruppenausstellung, in der Werke aus der&nbsp;<a href="https://www.junge-kuenste.de/" target="_blank" rel="noreferrer noopener">Jugendkunstschule Neubrandenburg</a>&nbsp;sowie Werke der Künstler&nbsp;<a href="https://tomu-artworld.com/" target="_blank" rel="noreferrer noopener">Tom Wollenberg</a>&nbsp;– Malerei und&nbsp;<a href="https://www.bbk-mv.de/volosenko-vladyslav.html" target="_blank" rel="noreferrer noopener">Vlad Volosenko</a>– Skulptur zu sehen sein werden. Musik, Künstlergespräche sowie ein freudvolles Miteinander werden geboten. Der Verein freut sich auf ihren Besuch.</p>



<figure class="wp-block-image"><a href="https://www.lk-mecklenburgische-seenplatte.de/Landkreis/Kultur/KunstOffen/" target="_blank" rel="noreferrer noopener"><img loading="lazy" decoding="async" width="904" height="824" src="https://rwnart.de/wp-content/uploads/2026/04/260414KunstOffen_2026.jpg" alt="" class="wp-image-187" srcset="https://rwnart.de/wp-content/uploads/2026/04/260414KunstOffen_2026.jpg 904w, https://rwnart.de/wp-content/uploads/2026/04/260414KunstOffen_2026-300x273.jpg 300w, https://rwnart.de/wp-content/uploads/2026/04/260414KunstOffen_2026-768x700.jpg 768w" sizes="auto, (max-width: 706px) 89vw, (max-width: 767px) 82vw, 740px" /></a><figcaption class="wp-element-caption">Quelle: Broschüre KunstOffen 2026 des Landkreises Mecklenburgische Seenplatte</figcaption></figure>



<p class="wp-block-paragraph"><strong>Nachlese</strong> <strong>zu KunstOffen 2026</strong></p>



<p class="wp-block-paragraph">Mit einem gut besuchten Auftakt am Yachthafen Neubrandenburg ist KunstOffen 2026 in der Galerie „Kunst am Hafen“ in der Mecklenburgischen Seenplatte gestartet.<br>Die leuchtend gelben Schirme, mit denen die Kunst-Orte auf sich aufmerksam machen, stehen für offene Ateliers, Begegnung, Musik und gemeinsames Erleben.</p>



<p class="wp-block-paragraph">Kunstfans aus allen Altersklassen fanden sich am Freitagabend in den Ausstellungsräumen des RWN Art e.V. und vor der aufgebauten Bühne ein. Bei Getränken und hochwertigen Snacks entstanden Gespräche über Kunst, Leben in der Stadt und auf dem Land sowie neue Ideen. Auf der Bühne sorgten verschiedene Kunstschaffende für den musikalischen Rahmen. Das Liedermacher-Duo Traumtänzer mit Jule und Florian Spindler, die kolumbianische Sängerin Paola vom Projekt Yamuna Aqua und die Neubrandenburger Band „Nicht aus Berlin“ gestalten einen wunderschönen, frühsommerlichen Abend bis zum Sonnenuntergang.</p>



<p class="wp-block-paragraph">In den Redebeiträgen betonten Cindy Schlüßler vom Landkreis Mecklenburgische Seenplatte, Neubrandenburgs Oberbürgermeister Nico Klose, Kreistagspräsident Thomas Diener und der Vorsitzende des „Vereins zur Förderung moderner Kunst Neubrandenburg RWN ART“ Olaf Jammrath die Bedeutung von KunstOffen.</p>



<p class="wp-block-paragraph">Neben Arbeiten des Neubrandenburger Künstlers Tom Wollenberg und Skulpturen des ukrainischen Künstlers Vladyslav Volosenko standen junge Talente im Fokus. Nachwuchskunstschaffende der Jugendkunstschule Junge Künste NB&nbsp;e.V. präsentierten ihre Werke. Die Gäste der Ausstellung konnten ihre Favoriten aus den Arbeiten der Jugendkunstschule wählen. Die drei beliebtesten Arbeiten wurden zum Abschluss mit einem Nachwuchspreis, ausgelobt vom Verein RWN Art e.V., ausgezeichnet. </p>



<p class="wp-block-paragraph">Im Jahr 1994 startete die Aktion KunstOffen Menschen in Vorpommern. Rund 1000 Kunstschaffende in etwa 500 Orten im ganzen Bundesland beteiligten sich in diesem Jahr. Davon befanden sich rund 130 Orte allein in der Mecklenburgischen Seenplatte.</p>



<p class="has-small-font-size wp-block-paragraph"><br><img loading="lazy" decoding="async" width="320" height="240" class="wp-image-308" style="width: 320px;" src="https://rwnart.de/wp-content/uploads/2026/05/260711KuO_Nachlese1.jpg" alt="© Gunter Knop" srcset="https://rwnart.de/wp-content/uploads/2026/05/260711KuO_Nachlese1.jpg 600w, https://rwnart.de/wp-content/uploads/2026/05/260711KuO_Nachlese1-300x225.jpg 300w" sizes="auto, (max-width: 320px) 100vw, 320px" /> <img loading="lazy" decoding="async" width="320" height="240" class="wp-image-307" style="width: 320px;" src="https://rwnart.de/wp-content/uploads/2026/05/260711KuO_Nachlese2.jpg" alt="" srcset="https://rwnart.de/wp-content/uploads/2026/05/260711KuO_Nachlese2.jpg 600w, https://rwnart.de/wp-content/uploads/2026/05/260711KuO_Nachlese2-300x225.jpg 300w" sizes="auto, (max-width: 320px) 100vw, 320px" /><br>© <a href="https://guenterknop-art.de/" target="_blank" rel="noreferrer noopener">Guenter Knop</a></p>



<p class="wp-block-paragraph"></p>
</div></li>
<li><a class="wp-block-latest-posts__post-title" href="https://rwnart.de/index.php/2026/05/05/livepainting-tom-tomu-wollenberg/">Livepainting &#8211; Tom &#8222;Tomu&#8220; Wollenberg</a><div class="wp-block-latest-posts__post-full-content">
<p class="wp-block-paragraph"><strong>Samstag, 16.5.2026</strong>  <a href="https://tomu-artworld.com" data-type="link" data-id="https://tomu-artworld.com" target="_blank" rel="noreferrer noopener">Tom &#8222;Tomu&#8220; Wollenberg</a> präsentiert: &#8222;coloring sounds&#8220;<br>Einlass ab 18 Uhr und Beginn der Malerei ab 19 Uhr bis Mitternacht. Unterstützt mit Musik von Sound Distrikt 17 e.V.</p>



<figure class="wp-block-image size-large"><img loading="lazy" decoding="async" width="1024" height="681" src="https://rwnart.de/wp-content/uploads/2026/05/240913_IMG_9270_web-2-1024x681.jpg" alt="" class="wp-image-247" srcset="https://rwnart.de/wp-content/uploads/2026/05/240913_IMG_9270_web-2-1024x681.jpg 1024w, https://rwnart.de/wp-content/uploads/2026/05/240913_IMG_9270_web-2-300x200.jpg 300w, https://rwnart.de/wp-content/uploads/2026/05/240913_IMG_9270_web-2-768x511.jpg 768w, https://rwnart.de/wp-content/uploads/2026/05/240913_IMG_9270_web-2-1536x1022.jpg 1536w, https://rwnart.de/wp-content/uploads/2026/05/240913_IMG_9270_web-2.jpg 1920w" sizes="auto, (max-width: 706px) 89vw, (max-width: 767px) 82vw, 740px" /></figure>



<p class="wp-block-paragraph">.</p>



<p class="wp-block-paragraph"></p>



<p class="wp-block-paragraph"></p>
</div></li>
</ul>
